{"id":353615,"date":"2024-05-13T09:14:46","date_gmt":"2024-05-13T12:14:46","guid":{"rendered":"https:\/\/ppgmt.uea.edu.br\/?page_id=353615"},"modified":"2025-06-16T17:08:27","modified_gmt":"2025-06-16T20:08:27","slug":"ppgmt-downloads-matricula-aluno-regular-e-bolsista-mestrado-e-doutorado","status":"publish","type":"page","link":"http:\/\/ppgmt.uea.edu.br\/index.php\/ppgmt-downloads-matricula-aluno-regular-e-bolsista-mestrado-e-doutorado\/","title":{"rendered":"PPGMT &#8211; DOWNLOADS \u2013 MATR\u00cdCULA \u2013 ALUNO REGULAR E BOLSISTA \u2013 MESTRADO E DOUTORADO"},"content":{"rendered":"<p>[et_pb_section fb_built=&#8221;1&#8243; next_background_color=&#8221;#f4f4f4&#8243; _builder_version=&#8221;4.16&#8243; _module_preset=&#8221;default&#8221; custom_padding=&#8221;0px||0px|||&#8221; bottom_divider_style=&#8221;wave2&#8243; bottom_divider_height=&#8221;70px&#8221; bottom_divider_arrangement=&#8221;above_content&#8221; locked=&#8221;off&#8221; global_colors_info=&#8221;{}&#8221;][et_pb_row _builder_version=&#8221;4.16&#8243; _module_preset=&#8221;default&#8221; width=&#8221;100%&#8221; max_width=&#8221;100%&#8221; custom_padding=&#8221;0px||0px||false|false&#8221; global_colors_info=&#8221;{}&#8221;][et_pb_column type=&#8221;4_4&#8243; _builder_version=&#8221;4.16&#8243; _module_preset=&#8221;default&#8221; global_colors_info=&#8221;{}&#8221;][et_pb_slider arrows_custom_color=&#8221;#000000&#8243; dot_nav_custom_color=&#8221;#000000&#8243; _builder_version=&#8221;4.25.1&#8243; _module_preset=&#8221;default&#8221; header_level=&#8221;h4&#8243; header_font=&#8221;Carrois Gothic SC|700||on|||||&#8221; header_text_color=&#8221;#136334&#8243; background_color=&#8221;#FFFFFF&#8221; custom_padding=&#8221;10%||10%||true|false&#8221; global_colors_info=&#8221;{}&#8221;][et_pb_slide heading=&#8221;DOWNLOADS&#8221; button_text=&#8221;Cliques&#8221; _builder_version=&#8221;4.25.1&#8243; _module_preset=&#8221;default&#8221; body_text_color=&#8221;#136334&#8243; body_font_size=&#8221;18px&#8221; global_colors_info=&#8221;{}&#8221; sticky_transition=&#8221;on&#8221;]<\/p>\n<p>MATR\u00cdCULA \u2013 ALUNO REGULAR E BOLSISTA \u2013 MESTRADO E DOUTORADO<\/p>\n<p>[\/et_pb_slide][\/et_pb_slider][\/et_pb_column][\/et_pb_row][\/et_pb_section][et_pb_section fb_built=&#8221;1&#8243; _builder_version=&#8221;4.16&#8243; _module_preset=&#8221;default&#8221; background_color=&#8221;#f4f4f4&#8243; custom_padding=&#8221;0px||0px||true|&#8221; global_colors_info=&#8221;{}&#8221;][et_pb_row column_structure=&#8221;1_2,1_2&#8243; _builder_version=&#8221;4.16&#8243; _module_preset=&#8221;default&#8221; global_colors_info=&#8221;{}&#8221;][et_pb_column type=&#8221;1_2&#8243; _builder_version=&#8221;4.16&#8243; _module_preset=&#8221;default&#8221; global_colors_info=&#8221;{}&#8221;][et_pb_text _builder_version=&#8221;4.25.1&#8243; _module_preset=&#8221;default&#8221; text_font=&#8221;Poppins|300|||||||&#8221; text_font_size=&#8221;16px&#8221; header_4_text_align=&#8221;left&#8221; text_orientation=&#8221;justified&#8221; global_colors_info=&#8221;{}&#8221;]<\/p>\n<h4>MATR\u00cdCULA &#8211; ALUNO REGULAR E BOLSISTA &#8211; MESTRADO E DOUTORADO<\/h4>\n<p>[\/et_pb_text][et_pb_blurb title=&#8221;Carta de encaminhamento e Relat\u00f3rio de Atividades de Pesquisa&#8221; use_icon=&#8221;on&#8221; font_icon=&#8221;&#xf019;||fa||900&#8243; icon_placement=&#8221;left&#8221; image_icon_width=&#8221;29px&#8221; content_max_width=&#8221;1100px&#8221; _builder_version=&#8221;4.25.1&#8243; _module_preset=&#8221;default&#8221; global_colors_info=&#8221;{}&#8221;]<a href=\"https:\/\/ppgmt.uea.edu.br\/wp-content\/uploads\/2025\/06\/Carta-de-encaminhamento-e-Relatorio-de-Atividades-de-Pesquisa-Atual-1.doc\" rel=\"attachment wp-att-355377\">BAIXAR<\/a>[\/et_pb_blurb][et_pb_blurb title=&#8221;Declara\u00e7\u00e3o Regimento Interno&#8221; use_icon=&#8221;on&#8221; font_icon=&#8221;&#xf019;||fa||900&#8243; icon_placement=&#8221;left&#8221; image_icon_width=&#8221;29px&#8221; content_max_width=&#8221;1100px&#8221; _builder_version=&#8221;4.25.1&#8243; _module_preset=&#8221;default&#8221; hover_enabled=&#8221;0&#8243; global_colors_info=&#8221;{}&#8221; sticky_enabled=&#8221;0&#8243;]<a href=\"https:\/\/ppgmt.uea.edu.br\/wp-content\/uploads\/2025\/06\/Declaracao-regimento-interno-_026-2024.doc\" rel=\"attachment wp-att-355379\">BAIXAR<\/a>[\/et_pb_blurb][et_pb_blurb title=&#8221;Declara\u00e7\u00e3o Vinculo Empregaticio&#8221; use_icon=&#8221;on&#8221; font_icon=&#8221;&#xf019;||fa||900&#8243; icon_placement=&#8221;left&#8221; image_icon_width=&#8221;29px&#8221; content_max_width=&#8221;1100px&#8221; _builder_version=&#8221;4.25.1&#8243; _module_preset=&#8221;default&#8221; hover_enabled=&#8221;0&#8243; global_colors_info=&#8221;{}&#8221; sticky_enabled=&#8221;0&#8243;]<a href=\"https:\/\/ppgmt.uea.edu.br\/wp-content\/uploads\/2025\/06\/Declaracao-de-vinculo-empregaticio-atualizado.doc\" rel=\"attachment wp-att-355381\">BAIXAR<\/a>[\/et_pb_blurb][et_pb_blurb title=&#8221;Declara\u00e7\u00e3o de V\u00ednculo\/Renda Bolsistas&#8221; use_icon=&#8221;on&#8221; font_icon=&#8221;&#xf019;||fa||900&#8243; icon_placement=&#8221;left&#8221; image_icon_width=&#8221;29px&#8221; content_max_width=&#8221;1100px&#8221; _builder_version=&#8221;4.25.1&#8243; _module_preset=&#8221;default&#8221; hover_enabled=&#8221;0&#8243; global_colors_info=&#8221;{}&#8221; sticky_enabled=&#8221;0&#8243;]<a href=\"https:\/\/ppgmt.uea.edu.br\/wp-content\/uploads\/2025\/06\/declaracao-de-vinc-_-renda-bolsista.doc\" rel=\"attachment wp-att-355384\">BAIXAR<\/a>[\/et_pb_blurb][et_pb_blurb title=&#8221;Ficha Cadastral Mestrado e Doutorado&#8221; use_icon=&#8221;on&#8221; font_icon=&#8221;&#xf019;||fa||900&#8243; icon_placement=&#8221;left&#8221; image_icon_width=&#8221;29px&#8221; content_max_width=&#8221;1100px&#8221; _builder_version=&#8221;4.25.1&#8243; _module_preset=&#8221;default&#8221; hover_enabled=&#8221;0&#8243; global_colors_info=&#8221;{}&#8221; sticky_enabled=&#8221;0&#8243;]<a href=\"https:\/\/ppgmt.uea.edu.br\/wp-content\/uploads\/2025\/06\/ficha-cadastral-ATUALIZADA-.doc\" rel=\"attachment wp-att-355387\">BAIXAR<\/a>[\/et_pb_blurb][et_pb_blurb title=&#8221;Solicita\u00e7\u00e3o Disciplina_Matricula_Cancelamento_Trancamento&#8221; use_icon=&#8221;on&#8221; font_icon=&#8221;&#xf019;||fa||900&#8243; icon_placement=&#8221;left&#8221; image_icon_width=&#8221;29px&#8221; content_max_width=&#8221;1100px&#8221; _builder_version=&#8221;4.25.1&#8243; _module_preset=&#8221;default&#8221; hover_enabled=&#8221;0&#8243; global_colors_info=&#8221;{}&#8221; sticky_enabled=&#8221;0&#8243;]<a href=\"https:\/\/ppgmt.uea.edu.br\/wp-content\/uploads\/2025\/06\/solictacao-de-matricula-ATUALIZADA.doc\" rel=\"attachment wp-att-355389\">BAIXAR<\/a>[\/et_pb_blurb][\/et_pb_column][et_pb_column type=&#8221;1_2&#8243; _builder_version=&#8221;4.16&#8243; _module_preset=&#8221;default&#8221; global_colors_info=&#8221;{}&#8221;][\/et_pb_column][\/et_pb_row][\/et_pb_section]<\/p>\n","protected":false},"excerpt":{"rendered":"<p>MATR\u00cdCULA \u2013 ALUNO REGULAR E BOLSISTA \u2013 MESTRADO E DOUTORADOMATR\u00cdCULA &#8211; ALUNO REGULAR E BOLSISTA &#8211; MESTRADO E DOUTORADOBAIXARBAIXARBAIXARBAIXARBAIXARBAIXAR<\/p>\n","protected":false},"author":2,"featured_media":0,"parent":0,"menu_order":0,"comment_status":"closed","ping_status":"closed","template":"","meta":{"_et_pb_use_builder":"on","_et_pb_old_content":"","_et_gb_content_width":"","footnotes":""},"class_list":["post-353615","page","type-page","status-publish","hentry"],"_links":{"self":[{"href":"http:\/\/ppgmt.uea.edu.br\/index.php\/wp-json\/wp\/v2\/pages\/353615","targetHints":{"allow":["GET"]}}],"collection":[{"href":"http:\/\/ppgmt.uea.edu.br\/index.php\/wp-json\/wp\/v2\/pages"}],"about":[{"href":"http:\/\/ppgmt.uea.edu.br\/index.php\/wp-json\/wp\/v2\/types\/page"}],"author":[{"embeddable":true,"href":"http:\/\/ppgmt.uea.edu.br\/index.php\/wp-json\/wp\/v2\/users\/2"}],"replies":[{"embeddable":true,"href":"http:\/\/ppgmt.uea.edu.br\/index.php\/wp-json\/wp\/v2\/comments?post=353615"}],"version-history":[{"count":13,"href":"http:\/\/ppgmt.uea.edu.br\/index.php\/wp-json\/wp\/v2\/pages\/353615\/revisions"}],"predecessor-version":[{"id":355390,"href":"http:\/\/ppgmt.uea.edu.br\/index.php\/wp-json\/wp\/v2\/pages\/353615\/revisions\/355390"}],"wp:attachment":[{"href":"http:\/\/ppgmt.uea.edu.br\/index.php\/wp-json\/wp\/v2\/media?parent=353615"}],"curies":[{"name":"wp","href":"https:\/\/api.w.org\/{rel}","templated":true}]}}