{"id":352901,"date":"2024-03-24T14:58:45","date_gmt":"2024-03-24T17:58:45","guid":{"rendered":"https:\/\/ppgmt.uea.edu.br\/?page_id=352901"},"modified":"2024-04-24T07:13:24","modified_gmt":"2024-04-24T10:13:24","slug":"curricular-structure","status":"publish","type":"page","link":"http:\/\/ppgmt.uea.edu.br\/index.php\/en\/curricular-structure\/","title":{"rendered":"CURRICULAR STRUCTURE (US)"},"content":{"rendered":"<p>[et_pb_section fb_built=&#8221;1&#8243; next_background_color=&#8221;#f4f4f4&#8243; _builder_version=&#8221;4.16&#8243; _module_preset=&#8221;default&#8221; custom_padding=&#8221;0px||0px|||&#8221; bottom_divider_style=&#8221;wave2&#8243; bottom_divider_height=&#8221;70px&#8221; bottom_divider_arrangement=&#8221;above_content&#8221; locked=&#8221;off&#8221; collapsed=&#8221;on&#8221; global_colors_info=&#8221;{}&#8221;][et_pb_row _builder_version=&#8221;4.16&#8243; _module_preset=&#8221;default&#8221; width=&#8221;100%&#8221; max_width=&#8221;100%&#8221; custom_padding=&#8221;0px||0px||false|false&#8221; global_colors_info=&#8221;{}&#8221;][et_pb_column type=&#8221;4_4&#8243; _builder_version=&#8221;4.16&#8243; _module_preset=&#8221;default&#8221; global_colors_info=&#8221;{}&#8221;][et_pb_slider arrows_custom_color=&#8221;#000000&#8243; dot_nav_custom_color=&#8221;#000000&#8243; _builder_version=&#8221;4.24.2&#8243; _module_preset=&#8221;default&#8221; header_font=&#8221;Carrois Gothic SC|700||on|||||&#8221; header_text_color=&#8221;#136334&#8243; background_color=&#8221;#FFFFFF&#8221; custom_padding=&#8221;10%||10%||true|false&#8221; global_colors_info=&#8221;{}&#8221;][et_pb_slide heading=&#8221;CURRICULUM STRUCTURE&#8221; _builder_version=&#8221;4.24.2&#8243; _module_preset=&#8221;default&#8221; background_enable_color=&#8221;off&#8221; background_image=&#8221;https:\/\/teste.somoscarv.com.br\/wp-content\/uploads\/2023\/01\/Ativo-4.png&#8221; background_enable_image=&#8221;on&#8221; global_colors_info=&#8221;{}&#8221; sticky_transition=&#8221;on&#8221;][\/et_pb_slide][\/et_pb_slider][\/et_pb_column][\/et_pb_row][\/et_pb_section][et_pb_section fb_built=&#8221;1&#8243; _builder_version=&#8221;4.16&#8243; _module_preset=&#8221;default&#8221; background_color=&#8221;#f4f4f4&#8243; custom_padding=&#8221;50px||50px||true|&#8221; locked=&#8221;off&#8221; collapsed=&#8221;on&#8221; global_colors_info=&#8221;{}&#8221;][et_pb_row _builder_version=&#8221;4.16&#8243; _module_preset=&#8221;default&#8221; width=&#8221;100%&#8221; max_width=&#8221;85%&#8221; custom_padding=&#8221;||0px|||&#8221; global_colors_info=&#8221;{}&#8221; locked=&#8221;off&#8221;][et_pb_column type=&#8221;4_4&#8243; _builder_version=&#8221;4.16&#8243; _module_preset=&#8221;default&#8221; global_colors_info=&#8221;{}&#8221;][et_pb_text _builder_version=&#8221;4.16&#8243; _module_preset=&#8221;default&#8221; text_font=&#8221;Poppins||||||||&#8221; text_font_size=&#8221;16px&#8221; header_2_font=&#8221;Carrois Gothic SC|700|||||||&#8221; header_2_text_color=&#8221;#136334&#8243; header_3_font=&#8221;Carrois Gothic SC|700|||||||&#8221; global_colors_info=&#8221;{}&#8221;]<\/p>\n<blockquote>\n<h3>MASTER&#8217;S DEGREE<\/h3>\n<p>Required Credits: 6<br \/>Optional Credits: 24<br \/>Total Credits: 30<span style=\"font-size: 16px;\">\u00a0<\/span><\/p>\n<\/blockquote>\n<p>[\/et_pb_text][et_pb_text quote_border_color=&#8221;#136334&#8243; _builder_version=&#8221;4.16&#8243; _module_preset=&#8221;default&#8221; text_font=&#8221;Poppins||||||||&#8221; text_font_size=&#8221;16px&#8221; header_2_font=&#8221;Carrois Gothic SC|700|||||||&#8221; header_2_text_color=&#8221;#136334&#8243; header_3_font=&#8221;Carrois Gothic SC|700|||||||&#8221; global_colors_info=&#8221;{}&#8221;]<\/p>\n<blockquote>\n<h3>DOCTORATE<\/h3>\n<p>Mandatory Credits: 6<br \/>Optional Credits: 30<br \/>Mandatory Credits: 4<br \/>Seminars of Evaluation and\/or publication of scientific articles.<br \/>Total Credits: 40<\/p>\n<\/blockquote>\n<p>[\/et_pb_text][et_pb_text _builder_version=&#8221;4.22.1&#8243; _module_preset=&#8221;default&#8221; text_font=&#8221;Poppins||||||||&#8221; text_font_size=&#8221;16px&#8221; header_2_font=&#8221;Carrois Gothic SC|700|||||||&#8221; header_2_text_color=&#8221;#136334&#8243; header_3_font=&#8221;Carrois Gothic SC|700|||||||&#8221; global_colors_info=&#8221;{}&#8221;]<\/p>\n<blockquote>\n<h3>COMPULSORY SUBJECTS<\/h3>\n<ul>\n<li _msttexthash=\"353067\" _msthash=\"89\"><a href=\"https:\/\/pos.uea.edu.br\/data\/area\/ecurricular\/download\/7-7.pdf\" target=\"_blank\" rel=\"noopener\" _istranslated=\"1\">Bioethics<\/a><br _istranslated=\"1\" \/>02 Credits<\/li>\n<li _msttexthash=\"353067\" _msthash=\"89\"><a href=\"https:\/\/pos.uea.edu.br\/data\/area\/ecurricular\/download\/7-9.pdf\" target=\"_blank\" rel=\"noopener\" _istranslated=\"1\">Higher<\/a><br _istranslated=\"1\" \/>Education Methodology 02 Credits<\/li>\n<li _msttexthash=\"1145118\" _msthash=\"91\">Methodology of Scientific<br _istranslated=\"1\" \/>Work 02 Credits<\/li>\n<li>Research Follow-up Seminars \u2013 SAP (PhD student only)<br \/>02 Credits<\/li>\n<\/ul>\n<\/blockquote>\n<p>[\/et_pb_text][et_pb_text quote_border_color=&#8221;#136334&#8243; _builder_version=&#8221;4.24.2&#8243; _module_preset=&#8221;default&#8221; text_font=&#8221;Poppins||||||||&#8221; text_font_size=&#8221;16px&#8221; header_2_font=&#8221;Carrois Gothic SC|700|||||||&#8221; header_2_text_color=&#8221;#136334&#8243; header_3_font=&#8221;Carrois Gothic SC|700|||||||&#8221; global_colors_info=&#8221;{}&#8221;]<\/p>\n<blockquote>\n<h3>ELECTIVE COURSES<\/h3>\n<ul>\n<li>The Biology of the Interaction of Insect Vectors with the Pathogens Causing Neglected Diseases (02 credits)<\/li>\n<li><a href=\"https:\/\/pos.uea.edu.br\/data\/area\/ecurricular\/download\/8-43.pdf\" target=\"_blank\" rel=\"noopener\">Accidents by Venomous Animals<\/a>\u00a0(03 credits)<\/li>\n<li>Health Data Analysis (02 credits)<\/li>\n<li><a href=\"https:\/\/pos.uea.edu.br\/data\/area\/ecurricular\/download\/8-74.pdf\" target=\"_blank\" rel=\"noopener\">Qualitative data analysis using IRaMuTeQ software<\/a>\u00a0(01 credit)<\/li>\n<li>Arboviruses (01 credit)<\/li>\n<li>Biostatistics (03 Credits)<\/li>\n<li>Biotechnology Applied to DTI (02 credits)<\/li>\n<li>Tropical and Infectious Cardiology (01 credit)<\/li>\n<li>Flow Cytometry: Clinical and Laboratory Applications (02 credits)<\/li>\n<li>Dermatoses Caused by Intracellular Pathogens: Leprosy and Leishmaniasis (03 credits)<\/li>\n<li>Laboratory Diagnosis of Human Parasitic Diseases (2 credits)<\/li>\n<li>Chagas Disease (01 credit)<\/li>\n<li>Infectious Diseases and Gestation (02 credits)<\/li>\n<li>Medical Entomology (02 credits)<\/li>\n<li>Epidemiology (04 Credits)<\/li>\n<li><a href=\"https:\/\/ppgmt.uea.edu.br\/wp-content\/uploads\/2023\/10\/8-46.pdf\" target=\"_blank\" rel=\"noopener\">Clinical Epidemiology<\/a>\u00a0(03 credits)<\/li>\n<li>Infectious Hepatology (01 credit)<\/li>\n<li>History of Tropical Medicine (02 credits)<\/li>\n<li>History of Tropical and Infectious Diseases (04 credits)<\/li>\n<li>Immunogenetics (02 credits)<\/li>\n<li>Immunology of Infectious Diseases (03 credits)<\/li>\n<li>Journal Club in Medical Entomology (03 credits)<\/li>\n<li>Malariology (02 credits)<\/li>\n<li>Methods in Molecular Biology (02 credits)<\/li>\n<li>Medical Mycology (02 credits)<\/li>\n<li><a href=\"https:\/\/ppgmt.uea.edu.br\/wp-content\/uploads\/2023\/10\/Oficina-de-redacao-de-artigos-cientificos.pdf\" target=\"_blank\" rel=\"noopener\">Scientific Paper Writing Workshop<\/a>\u00a0(02 Credits)<\/li>\n<li>Tropical Pathology (02 credits)<\/li>\n<li><a href=\"https:\/\/pos.uea.edu.br\/data\/area\/ecurricular\/download\/8-62.pdf\" target=\"_blank\" rel=\"noopener\">Social Thought and Tropical Infectious Diseases<\/a>\u00a0(05 credits)<\/li>\n<li>Qualitative Research in DTI (02 credits)<\/li>\n<li><a href=\"https:\/\/pos.uea.edu.br\/data\/area\/ecurricular\/download\/8-54.pdf\" target=\"_blank\" rel=\"noopener\">Qualitative Research in Health<\/a>\u00a0(04 Credits)<\/li>\n<li>Mixed Methods Research in Tropical Diseases (02 credits)<\/li>\n<li>Supervised Teaching Practice (02 credits)<\/li>\n<li>Systematic Review: From Planning to Publication (03 credits)<\/li>\n<li><a href=\"https:\/\/pos.uea.edu.br\/data\/area\/ecurricular\/download\/8-1.pdf\" target=\"_blank\" rel=\"noopener\">Seminar in Tropical Diseases<\/a>\u00a0(03 Credits)<\/li>\n<li>Supervision of Scientific Initiation (01 credit)<\/li>\n<li>Special Topic \u2013 Biosafety Applied to the Use of Entomology Laboratory (01 credit)<\/li>\n<li>Special Topics (02 Credits)<\/li>\n<li>Special Topics \u2013 PAIC Congress (01 Credit)<\/li>\n<li>Special Topics III \u2013 Clinical Virology (02 credits)<\/li>\n<li><a href=\"https:\/\/pos.uea.edu.br\/data\/area\/ecurricular\/download\/8-63.pdf\" target=\"_blank\" rel=\"noopener\">Special Topics in Biotechnology: Basic &amp; Applied Toxinology: Bio-Technologies of Toxins Useful to Human and Animal Health<\/a>\u00a0(04 Credits)<\/li>\n<li>Special Topics\/AIDS (1 credit)<\/li>\n<li>Special Topics\/National Graduate Meeting on Tropical and Infectious Diseases<\/li>\n<li>Special Topics\/Amazonian Seminar on Clinical Research in Tuberculosis (01 credit)<\/li>\n<li>Special Topics\/PPGMT Symposium (01 credit)<\/li>\n<li>Topics in Tropical and\/Infectious Dermatology (01 credit)<\/li>\n<li>Special Topics \u2013 SWOT (02 credits)<\/li>\n<li>Special Topics\/AIDS (01 credit)<\/li>\n<\/ul>\n<\/blockquote>\n<p>[\/et_pb_text][\/et_pb_column][\/et_pb_row][et_pb_row column_structure=&#8221;1_4,1_4,1_4,1_4&#8243; use_custom_gutter=&#8221;on&#8221; gutter_width=&#8221;2&#8243; disabled_on=&#8221;on|on|on&#8221; _builder_version=&#8221;4.16&#8243; _module_preset=&#8221;default&#8221; width=&#8221;100%&#8221; max_width=&#8221;85%&#8221; custom_padding=&#8221;0px|||||&#8221; disabled=&#8221;on&#8221; global_colors_info=&#8221;{}&#8221;][et_pb_column type=&#8221;1_4&#8243; _builder_version=&#8221;4.16&#8243; _module_preset=&#8221;default&#8221; global_colors_info=&#8221;{}&#8221;][et_pb_text quote_border_color=&#8221;#136334&#8243; _builder_version=&#8221;4.16&#8243; _module_preset=&#8221;default&#8221; text_font=&#8221;Poppins||||||||&#8221; text_line_height=&#8221;1.4em&#8221; ul_line_height=&#8221;1.4em&#8221; header_2_font=&#8221;Carrois Gothic SC|700|||||||&#8221; header_2_text_color=&#8221;#136334&#8243; header_3_font=&#8221;Carrois Gothic SC|700|||||||&#8221; global_colors_info=&#8221;{}&#8221;]<\/p>\n<ul>\n<li>A biologia da intera\u00e7\u00e3o de insetos vetores com os pat\u00f3genos causadores de doen\u00e7as negligenciadas (02 cr\u00e9ditos)<\/li>\n<li>Acidentes por animais pe\u00e7onhentos (03 cr\u00e9ditos)<\/li>\n<li>An\u00e1lise de Dados em Sa\u00fade (02 cr\u00e9ditos)<\/li>\n<li>Arboviroses (01 cr\u00e9dito)<\/li>\n<li>Bioestat\u00edstica (03 Cr\u00e9ditos)<\/li>\n<li>Biotecnologia Aplicada \u00e0 DTI (02 cr\u00e9ditos)<\/li>\n<li>Cardiologia Tropical e Infecciosa (01 cr\u00e9dito)<\/li>\n<li>Citometria de Fluxo: Aplica\u00e7\u00f5es Cl\u00ednicas e Laboratoriais (02 cr\u00e9ditos)<\/li>\n<li>Dermatoses causadas por pat\u00f3genos intracelulares: Hansen\u00edase e Leishmaniose (03 cr\u00e9ditos)<\/li>\n<li>Diagn\u00f3stico Laboratorial de Doen\u00e7as Parasit\u00e1rias Humanas (2 cr\u00e9ditos)<\/li>\n<li>Doen\u00e7a de Chagas (01 cr\u00e9dito)<\/li>\n<\/ul>\n<p>[\/et_pb_text][\/et_pb_column][et_pb_column type=&#8221;1_4&#8243; _builder_version=&#8221;4.16&#8243; _module_preset=&#8221;default&#8221; global_colors_info=&#8221;{}&#8221;][et_pb_text quote_border_color=&#8221;#136334&#8243; _builder_version=&#8221;4.16&#8243; _module_preset=&#8221;default&#8221; text_font=&#8221;Poppins||||||||&#8221; text_line_height=&#8221;1.4em&#8221; ul_line_height=&#8221;1.7em&#8221; header_2_font=&#8221;Carrois Gothic SC|700|||||||&#8221; header_2_text_color=&#8221;#136334&#8243; header_3_font=&#8221;Carrois Gothic SC|700|||||||&#8221; global_colors_info=&#8221;{}&#8221;]<\/p>\n<ul>\n<li>Doen\u00e7as Infecciosas e Gesta\u00e7\u00e3o (02 cr\u00e9ditos)<\/li>\n<li>Entomologia M\u00e9dica (02 Cr\u00e9ditos)<\/li>\n<li>Epidemiologia (04 Cr\u00e9ditos)<\/li>\n<li>Epidemiologia Cl\u00ednica (03 Cr\u00e9ditos)<\/li>\n<li>Hepatologia Infecciosa (01 cr\u00e9dito)<\/li>\n<li>Hist\u00f3ria da Medicina Tropical (02 cr\u00e9ditos)<\/li>\n<li>Hist\u00f3ria das Doen\u00e7as Tropicais e Infecciosas (04 cr\u00e9ditos)<\/li>\n<li>Imunogen\u00e9tica (02 cr\u00e9ditos)<\/li>\n<li>Journal Club em Entomologia M\u00e9dica (03 cr\u00e9ditos)<\/li>\n<li>Malariologia (02 cr\u00e9ditos)<\/li>\n<li>Micologia M\u00e9dica (02 cr\u00e9ditos)<\/li>\n<\/ul>\n<p>[\/et_pb_text][\/et_pb_column][et_pb_column type=&#8221;1_4&#8243; _builder_version=&#8221;4.16&#8243; _module_preset=&#8221;default&#8221; global_colors_info=&#8221;{}&#8221;][et_pb_text quote_border_color=&#8221;#136334&#8243; _builder_version=&#8221;4.16&#8243; _module_preset=&#8221;default&#8221; text_font=&#8221;Poppins||||||||&#8221; text_line_height=&#8221;1.4em&#8221; ul_line_height=&#8221;1.6em&#8221; header_2_font=&#8221;Carrois Gothic SC|700|||||||&#8221; header_2_text_color=&#8221;#136334&#8243; header_3_font=&#8221;Carrois Gothic SC|700|||||||&#8221; global_colors_info=&#8221;{}&#8221;]<\/p>\n<ul>\n<li>Oficina de reda\u00e7\u00e3o de artigos cient\u00edficos (02 cr\u00e9ditos)<\/li>\n<li>Patologia Tropical (02 cr\u00e9ditos)<\/li>\n<li>Pensamento Social e Doen\u00e7as Tropicais Infecciosas (05 cr\u00e9ditos)<\/li>\n<li>Pesquisa Qualitativa em DTI (02 cr\u00e9ditos)<\/li>\n<li>Pesquisa Qualitativa em Sa\u00fade (04 Cr\u00e9ditos)<\/li>\n<li>Pesquisa de M\u00e9todos Mistos em Doen\u00e7as Tropicais (02 cr\u00e9ditos)<\/li>\n<li>Pr\u00e1tica Docente Supervisionada (02 cr\u00e9ditos)<\/li>\n<li>Revis\u00e3o sistem\u00e1tica: do planejamento \u00e0 publica\u00e7\u00e3o (03 cr\u00e9ditos)<\/li>\n<li>Semin\u00e1rio em Doen\u00e7as Tropicais (03 Cr\u00e9ditos)<\/li>\n<li>Supervis\u00e3o de Inicia\u00e7\u00e3o Cient\u00edfica (01 cr\u00e9dito)<\/li>\n<li>T\u00f3pico especial &#8211; Biosseguran\u00e7a aplicada ao uso de laborat\u00f3rio de entomologia (01 cr\u00e9dito)<\/li>\n<\/ul>\n<p>[\/et_pb_text][\/et_pb_column][et_pb_column type=&#8221;1_4&#8243; _builder_version=&#8221;4.16&#8243; _module_preset=&#8221;default&#8221; global_colors_info=&#8221;{}&#8221;][et_pb_text quote_border_color=&#8221;#136334&#8243; _builder_version=&#8221;4.16&#8243; _module_preset=&#8221;default&#8221; text_font=&#8221;Poppins||||||||&#8221; text_line_height=&#8221;1.4em&#8221; ul_line_height=&#8221;1.4em&#8221; header_2_font=&#8221;Carrois Gothic SC|700|||||||&#8221; header_2_text_color=&#8221;#136334&#8243; header_3_font=&#8221;Carrois Gothic SC|700|||||||&#8221; global_colors_info=&#8221;{}&#8221;]<\/p>\n<ul>\n<li>T\u00f3picos Especiais (02 Cr\u00e9ditos)<\/li>\n<li>T\u00f3picos Especiais &#8211; Congresso PAIC (01 Cr\u00e9dito)<\/li>\n<li>T\u00f3picos Especiais III &#8211; Virologia Cl\u00ednica (02 Cr\u00e9ditos)<\/li>\n<li>T\u00f3picos Especiais em Biotecnologia: Toxinologia B\u00e1sica &amp; Aplicada: Bio-Tecnologias de Toxinas \u00dateis \u00e0 Sa\u00fade Humana e Animal (04 Cr\u00e9ditos)<\/li>\n<li>T\u00f3picos Especiais\/AIDS (1 cr\u00e9dito)<\/li>\n<li>T\u00f3picos Especiais\/Encontro Nacional de P\u00f3s-Gradua\u00e7\u00e3o em Doen\u00e7as Tropicais e Infecciosas\u00a0<\/li>\n<li>T\u00f3picos Especiais\/Semin\u00e1rio Amaz\u00f4nico de Pesquisa Cl\u00ednica em Tuberculose (01 cr\u00e9dito)<\/li>\n<li>T\u00f3picos Especiais\/Simp\u00f3sio do PPGMT (01 cr\u00e9dito)<\/li>\n<li>T\u00f3picos em Dermatologia Tropical e \/Infecciosa (01 cr\u00e9dito)<\/li>\n<li>T\u00f3picos especiais &#8211; SWOT (02 cr\u00e9ditos)<\/li>\n<li>T\u00f3picos especiais\/AIDS (01 cr\u00e9dito)<\/li>\n<\/ul>\n<p>[\/et_pb_text][\/et_pb_column][\/et_pb_row][\/et_pb_section]<\/p>\n","protected":false},"excerpt":{"rendered":"<p>MASTER&#8217;S DEGREE Required Credits: 6Optional Credits: 24Total Credits: 30\u00a0 DOCTORATE Mandatory Credits: 6Optional Credits: 30Mandatory Credits: 4Seminars of Evaluation and\/or publication of scientific articles.Total Credits: 40 COMPULSORY SUBJECTS Bioethics02 Credits HigherEducation Methodology 02 Credits Methodology of ScientificWork 02 Credits Research Follow-up Seminars \u2013 SAP (PhD student only)02 Credits ELECTIVE COURSES The Biology of the Interaction [&hellip;]<\/p>\n","protected":false},"author":2,"featured_media":0,"parent":0,"menu_order":0,"comment_status":"closed","ping_status":"closed","template":"","meta":{"_et_pb_use_builder":"on","_et_pb_old_content":"","_et_gb_content_width":"","footnotes":""},"class_list":["post-352901","page","type-page","status-publish","hentry"],"_links":{"self":[{"href":"http:\/\/ppgmt.uea.edu.br\/index.php\/wp-json\/wp\/v2\/pages\/352901","targetHints":{"allow":["GET"]}}],"collection":[{"href":"http:\/\/ppgmt.uea.edu.br\/index.php\/wp-json\/wp\/v2\/pages"}],"about":[{"href":"http:\/\/ppgmt.uea.edu.br\/index.php\/wp-json\/wp\/v2\/types\/page"}],"author":[{"embeddable":true,"href":"http:\/\/ppgmt.uea.edu.br\/index.php\/wp-json\/wp\/v2\/users\/2"}],"replies":[{"embeddable":true,"href":"http:\/\/ppgmt.uea.edu.br\/index.php\/wp-json\/wp\/v2\/comments?post=352901"}],"version-history":[{"count":5,"href":"http:\/\/ppgmt.uea.edu.br\/index.php\/wp-json\/wp\/v2\/pages\/352901\/revisions"}],"predecessor-version":[{"id":353519,"href":"http:\/\/ppgmt.uea.edu.br\/index.php\/wp-json\/wp\/v2\/pages\/352901\/revisions\/353519"}],"wp:attachment":[{"href":"http:\/\/ppgmt.uea.edu.br\/index.php\/wp-json\/wp\/v2\/media?parent=352901"}],"curies":[{"name":"wp","href":"https:\/\/api.w.org\/{rel}","templated":true}]}}